 13597?
13597
List the prime factors of 44612.
2, 19, 587
What are the prime factors of 4830?
2, 3, 5, 7, 23
List the prime factors of 751.
751
List the prime factors of 2617.
2617
List the prime factors of 48079.
48079
List the prime factors of 68.
2, 17
What are the prime factors of 7779?
3, 2593
List the prime factors of 3497.
13, 269
What are the prime factors of 31251?
3, 11, 947
What are the prime factors of 4494?
2, 3, 7, 107
List the prime factors of 6211.
6211
List the prime factors of 34479.
3, 1277
List the prime factors of 4738.
2, 23, 103
What are the prime factors of 27067?
27067
What are the prime factors of 1013?
1013
List the prime factors of 6359.
6359
What are the prime factors of 17381?
7, 13, 191
List the prime factors of 42098.
2, 7, 31, 97
List the prime factors of 170.
2, 5, 17
List the prime factors of 61225.
5, 31, 79
List the prime factors of 70660.
2, 5, 3533
List the prime factors of 6190.
2, 5, 619
What are the prime factors of 85724?
2, 29, 739
List the prime factors of 241.
241
List the prime factors of 489.
3, 163
List the prime factors of 13051.
31, 421
What are the prime factors of 1607?
1607
What are the prime factors of 66274?
2, 13, 2549
What are the prime factors of 165493?
61, 2713
List the prime factors of 1199.
11, 109
List the prime factors of 110.
2, 5, 11
What are the prime factors of 3655?
5, 17, 43
List the prime factors of 174.
2, 3, 29
What are the prime factors of 1153?
1153
List the prime factors of 7568.
2, 11, 43
What are the prime factors of 61?
61
List the prime factors of 17665.
5, 3533
What are the prime factors of 54217?
54217
What are the prime factors of 840?
2, 3, 5, 7
List the prime factors of 5644.
2, 17, 83
What are the prime factors of 15265?
5, 43, 71
What are the prime factors of 64948?
2, 13, 1249
What are the prime factors of 1852?
2, 463
List the prime factors of 33701.
67, 503
What are the prime factors of 43777?
43777
List the prime factors of 57186.
2, 3, 353
List the prime factors of 927.
3, 103
List the prime factors of 14431.
14431
List the prime factors of 155473.
155473
List the prime factors of 30535.
5, 31, 197
What are the prime factors of 2158?
2, 13, 83
What are the prime factors of 14913?
3, 1657
What are the prime factors of 15270?
2, 3, 5, 509
List the prime factors of 2156.
2, 7, 11
List the prime factors of 271.
271
List the prime factors of 52890.
2, 3, 5, 41, 43
List the prime factors of 158.
2, 79
List the prime factors of 10799.
10799
List the prime factors of 148.
2, 37
What are the prime factors of 15214?
2, 7607
What are the prime factors of 46437?
3, 23, 673
List the prime factors of 2193.
3, 17, 43
List the prime factors of 6246.
2, 3, 347
List the prime factors of 113.
113
List the prime factors of 1162.
2, 7, 83
What are the prime factors of 3639?
3, 1213
What are the prime factors of 104978?
2, 52489
What are the prime factors of 270?
2, 3, 5
List the prime factors of 45189.
3, 5021
What are the prime factors of 86178?
2, 3, 53, 271
List the prime factors of 98.
2, 7
List the prime factors of 608.
2, 19
What are the prime factors of 29566?
2, 14783
What are the prime factors of 22698?
2, 3, 13, 97
List the prime factors of 58135.
5, 7, 11, 151
What are the prime factors of 3803?
3803
List the prime factors of 42017.
42017
List the prime factors of 8541.
3, 13, 73
What are the prime factors of 216?
2, 3
List the prime factors of 179418.
2, 3, 17, 1759
What are the prime factors of 1525?
5, 61
List the prime factors of 896.
2, 7
List the prime factors of 14023.
37, 379
List the prime factors of 2125.
5, 17
What are the prime factors of 8396?
2, 2099
List the prime factors of 19112.
2, 2389
List the prime factors of 592.
2, 37
What are the prime factors of 14401?
14401
List the prime factors of 59114.
2, 11, 2687
List the prime factors of 60869.
60869
What are the prime factors of 126148?
2, 11, 47, 61
List the prime factors of 877.
877
What are the prime factors of 2984?
2, 373
List the prime factors of 546.
2, 3, 7, 13
What are the prime factors of 2343?
3, 11, 71
List the prime factors of 878.
2, 439
List the prime factors of 23981.
23981
What are the prime factors of 1773?
3, 197
What are the prime factors of 37900?
2, 5, 379
List the prime factors of 875.
5, 7
List the prime factors of 31324.
2, 41, 191
What are the prime factors of 9164?
2, 29, 79
List the prime factors of 4741.
11, 431
What are the prime factors of 1196?
2, 13, 23
What are the prime factors of 163121?
7, 3329
What are the prime factors of 1200?
2, 3, 5
List the prime factors of 4309.
31, 139
What are the prime factors of 158829?
3, 11, 4813
List the prime factors of 94052.
2, 7, 3359
What are the prime factors of 612?
2, 3, 17
List the prime factors of 2691.
3, 13, 23
List the prime factors of 1526.
2, 7, 109
List the prime factors of 42638.
2, 21319
What are the prime factors of 43361?
131, 331
What are the prime factors of 98744?
2, 12343
What are the prime factors of 712?
2, 89
What are the prime factors of 124?
2, 31
List the prime factors of 4075.
5, 163
List the prime factors of 5241.
3, 1747
What are the prime factors of 1078?
2, 7, 11
What are the prime factors of 13905?
3, 5, 103
List the prime factors of 14871.
3, 4957
List the prime factors of 7846.
2, 3923
What are the prime factors of 5321?
17, 313
List the prime factors of 990.
2, 3, 5, 11
What are the prime factors of 14837?
37, 401
List the prime factors of 550.
2, 5, 11
List the prime factors of 80.
2, 5
What are the prime factors of 177?
3, 59
List the prime factors of 13223.
7, 1889
What are the prime factors of 169?
13
List the prime factors of 10078.
2, 5039
What are the prime factors of 4599?
3, 7, 73
List the prime factors of 1209.
3, 13, 31
List the prime factors of 6156.
2, 3, 19
What are the prime factors of 221?
13, 17
List the prime factors of 10583.
19, 557
What are the prime factors of 65822?
2, 32911
What are the prime factors of 1655?
5, 331
List the prime factors of 9062.
2, 23, 197
What are the prime factors of 3793?
3793
List the prime factors of 3797.
3797
List the prime factors of 2471.
7, 353
What are the prime factors of 10337?
10337
List the prime factors of 8345.
5, 1669
List the prime factors of 2656.
2, 83
What are the prime factors of 4788?
2, 3, 7, 19
What are the prime factors of 1910?
2, 5, 191
List the prime factors of 8780.
2, 5, 439
What are the prime factors of 10548?
2, 3, 293
What are the prime factors of 716?
2, 179
List the prime factors of 4508.
2, 7, 23
What are the prime factors of 9097?
11, 827
What are the prime factors of 1690?
2, 5, 13
What are the prime factors of 1627?
1627
List the prime factors of 1009.
1009
What are the prime factors of 750?
2, 3, 5
List the prime factors of 151.
151
List the prime factors of 11769.
3, 3923
List the prime factors of 1199.
11, 109
List the prime factors of 672.
2, 3, 7
List the prime factors of 2769.
3, 13, 71
List the prime factors of 515.
5, 103
List the prime factors of 4021.
4021
List the prime factors of 432.
2, 3
List the prime factors of 23833.
23833
What are the prime factors of 796?
2, 199
What are the prime factors of 503?
503
What are the prime factors of 541?
541
List the prime factors of 888.
2, 3, 37
List the prime factors of 4012.
2, 17, 59
List the prime factors of 58023.
3, 7, 307
What are the prime factors of 1816?
2, 227
What are the prime factors of 66989?
13, 5153
List the prime factors of 8560.
2, 5, 107
What are the prime factors of 1838?
2, 919
List the prime factors of 80308.
2, 17, 1181
What are the prime factors of 6349?
7, 907
What are the prime factors of 4668?
2, 3, 389
What are the prime factors of 61219?
29, 2111
List the prime factors of 8786.
2, 23, 191
What are the prime factors of 146741?
7, 20963
List the prime factors of 12171.
3, 4057
List the prime factors of 14657.
14657
List the prime factors of 14241.
3, 47, 101
List the prime factors of 3909.
3, 1303
List the prime factors of 442.
2, 13, 17
What are the prime factors of 154844?
2, 38711
List the prime factors of 11301.
3, 3767
List the prime factors of 12234.
2, 3, 2039
What are the prime factors of 946?
2, 11, 43
What are the prime factors of 21348?
2, 3, 593
What are the prime factors of 2084?
2, 521
List the prime factors of 